1303
List the prime factors of 2743957.
37, 74161
What are the prime factors of 766313?
766313
List the prime factors of 490694.
2, 19, 37, 349
List the prime factors of 50172.
2, 3, 37, 113
What are the prime factors of 950475?
3, 5, 19, 23, 29
List the prime factors of 1745893.
163, 10711
List the prime factors of 353391.
3, 117797
What are the prime factors of 5953326?
2, 3, 151, 6571
List the prime factors of 21117592.
2, 2639699
List the prime factors of 782106.
2, 3, 13, 37, 271
What are the prime factors of 5777293?
29, 73, 2729
What are the prime factors of 1659421?
17, 97613
List the prime factors of 304695.
3, 5, 37, 61
What are the prime factors of 9339149?
1423, 6563
List the prime factors of 526488.
2, 3, 21937
List the prime factors of 79627.
79627
List the prime factors of 19644467.
67, 293201
List the prime factors of 6039106.
2, 1607, 1879
What are the prime factors of 1301882?
2, 37, 73, 241
What are the prime factors of 1940543?
11, 176413
What are the prime factors of 1490392?
2, 186299
What are the prime factors of 42154?
2, 7, 3011
List the prime factors of 172409.
53, 3253
What are the prime factors of 1288995?
3, 5, 85933
List the prime factors of 16422691.
857, 19163
List the prime factors of 659278.
2, 329639
List the prime factors of 929595.
3, 5, 29, 2137
List the prime factors of 3152890.
2, 5, 13, 79, 307
List the prime factors of 12429805.
5, 17, 257, 569
What are the prime factors of 66386?
2, 19, 1747
What are the prime factors of 1260418?
2, 73, 89, 97
List the prime factors of 23164527.
3, 173, 44633
What are the prime factors of 1160622?
2, 3, 21493
List the prime factors of 297824.
2, 41, 227
List the prime factors of 152728.
2, 17, 1123
What are the prime factors of 228533?
173, 1321
List the prime factors of 18026.
2, 9013
What are the prime factors of 431832?
2, 3, 19, 947
List the prime factors of 2481503.
2481503
What are the prime factors of 1685232?
2, 3, 47, 83
List the prime factors of 23773320.
2, 3, 5, 66037
List the prime factors of 1373400.
2, 3, 5, 7, 109
List the prime factors of 3633115.
5, 726623
List the prime factors of 416493.
3, 7, 11, 601
List the prime factors of 193154.
2, 13, 17, 19, 23
What are the prime factors of 26532047?
26532047
List the prime factors of 5316206.
2, 7, 17, 3191
List the prime factors of 2866597.
41, 139, 503
What are the prime factors of 249312?
2, 3, 7, 53
What are the prime factors of 6745871?
11, 197, 283
List the prime factors of 185238.
2, 3, 41, 251
What are the prime factors of 1004442?
2, 3, 167407
List the prime factors of 13473328.
2, 11, 37, 2069
What are the prime factors of 947166?
2, 3, 11, 113, 127
What are the prime factors of 819352?
2, 23, 61, 73
What are the prime factors of 7607637?
3, 59, 14327
List the prime factors of 22056.
2, 3, 919
List the prime factors of 16641.
3, 43
What are the prime factors of 1648535?
5, 7, 19, 37, 67
What are the prime factors of 26670008?
2, 17, 41, 4783
What are the prime factors of 2334839?
13, 179603
What are the prime factors of 19998?
2, 3, 11, 101
List the prime factors of 1244918.
2, 19, 181
List the prime factors of 7931898.
2, 3, 13, 11299
List the prime factors of 617057.
7, 257
What are the prime factors of 164007?
3, 18223
What are the prime factors of 2947212?
2, 3, 29, 941
What are the prime factors of 46020?
2, 3, 5, 13, 59
List the prime factors of 174098.
2, 87049
What are the prime factors of 21961461?
3, 37, 67, 2953
List the prime factors of 2347832.
2, 269, 1091
What are the prime factors of 8969848?
2, 1121231
List the prime factors of 47046.
2, 3, 7841
What are the prime factors of 6522969?
3, 379, 5737
What are the prime factors of 850181?
850181
List the prime factors of 84545.
5, 37, 457
What are the prime factors of 1875921?
3, 625307
What are the prime factors of 1045162?
2, 263, 1987
List the prime factors of 898994.
2, 17, 137, 193
List the prime factors of 531619.
11, 31, 1559
What are the prime factors of 1549111?
79, 19609
What are the prime factors of 132100?
2, 5, 1321
What are the prime factors of 80542?
2, 7, 11, 523
List the prime factors of 395514.
2, 3, 7, 43, 73
List the prime factors of 762577.
762577
What are the prime factors of 1862874?
2, 3, 13, 19, 419
What are the prime factors of 766825?
5, 37, 829
List the prime factors of 771435.
3, 5, 7, 31, 79
What are the prime factors of 65328?
2, 3, 1361
List the prime factors of 1169474.
2, 584737
What are the prime factors of 133348?
2, 17, 37, 53
List the prime factors of 1022877.
3, 89, 1277
What are the prime factors of 1965940?
2, 5, 98297
What are the prime factors of 3137851?
31, 101221
List the prime factors of 8195245.
5, 23, 71263
What are the prime factors of 23041?
23041
List the prime factors of 101124.
2, 3, 53
What are the prime factors of 776097?
3, 7, 97, 127
What are the prime factors of 16456666?
2, 8228333
List the prime factors of 71671.
71671
What are the prime factors of 11820416?
2, 92347
What are the prime factors of 247986?
2, 3, 23, 599
What are the prime factors of 125559?
3, 7, 1993
What are the prime factors of 67815?
3, 5, 11, 137
What are the prime factors of 118574?
2, 101, 587
What are the prime factors of 5647606?
2, 37, 167, 457
What are the prime factors of 747549?
3, 11, 839
List the prime factors of 436654.
2, 109, 2003
What are the prime factors of 2355015?
3, 5, 13, 929
What are the prime factors of 10366859?
23, 167, 2699
What are the prime factors of 287677?
13, 22129
What are the prime factors of 872038?
2, 47, 9277
List the prime factors of 252258.
2, 3, 42043
What are the prime factors of 505570?
2, 5, 13, 3889
What are the prime factors of 36641461?
23, 43, 37049
List the prime factors of 8072125.
5, 64577
List the prime factors of 27928016.
2, 1745501
What are the prime factors of 16909132?
2, 4227283
What are the prime factors of 910118?
2, 11, 41, 1009
List the prime factors of 2443080.
2, 3, 5, 20359
List the prime factors of 3371165.
5, 7, 61, 1579
What are the prime factors of 2148513?
3, 716171
List the prime factors of 1232967.
3, 19, 97, 223
List the prime factors of 367444.
2, 7, 11, 1193
List the prime factors of 8610906.
2, 3, 1435151
What are the prime factors of 598030?
2, 5, 79, 757
List the prime factors of 3132665.
5, 626533
What are the prime factors of 192426?
2, 3, 13, 2467
What are the prime factors of 1973245?
5, 19, 20771
List the prime factors of 173048.
2, 97, 223
What are the prime factors of 780457?
780457
What are the prime factors of 17343?
3, 41, 47
What are the prime factors of 11960873?
71, 168463
What are the prime factors of 290342?
2, 13, 859
What are the prime factors of 333387?
3, 17, 2179
List the prime factors of 3155056.
2, 31, 6361
What are the prime factors of 1614047?
41, 39367
What are the prime factors of 16154571?
3, 67, 179, 449
What are the prime factors of 1739392?
2, 107, 127
What are the prime factors of 344792?
2, 7, 47, 131
List the prime factors of 2280186.
2, 3, 131, 967
List the prime factors of 222839.
222839
List the prime factors of 10745013.
3, 19, 131, 1439
List the prime factors of 13087.
23, 569
What are the prime factors of 18494907?
3, 59, 104491
What are the prime factors of 30239?
11, 2749
What are the prime factors of 68761?
7, 11, 19, 47
List the prime factors of 524423.
23, 151
What are the prime factors of 2158549?
2158549
What are the prime factors of 7815048?
2, 3, 325627
What are the prime factors of 157216?
2, 17
What are the prime factors of 282134?
2, 141067
What are the prime factors of 472208?
2, 11, 2683
List the prime factors of 16027167.
3, 13, 410953
What are the prime factors of 1286215?
5, 7, 36749
List the prime factors of 183313.
13, 59, 239
List the prime factors of 1802151.
3, 13, 73, 211
What are the prime factors of 340942?
2, 7, 71
List the prime factors of 636991.
47, 13553
What are the prime factors of 5923609?
5923609
What are the prime factors of 163?
163
What are the prime factors of 2842093?
977, 2909
List the prime factors of 2179256.
2, 272407
List the prime factors of 4738913.
641, 7393
What are the prime factors of 290178?
2, 3, 7, 47
What are the prime factors of 1690528?
2, 7, 7547
List the prime factors of 889595.
5, 7, 3631
List the prime factors of 1844224.
2, 180